s the hundreds digit of b?
6
Suppose 0 = -34*o + 67946 - 26160. What is the hundreds digit of o?
2
Let b = 37 + -32. Suppose 342 = q + b*q. Suppose -2 = 5*o - q. What is the units digit of o?
1
Let z(b) = 2*b**2 - 15*b**3 - b**2 + 2*b**2 - 2*b**2. What is the units digit of z(-1)?
6
Suppose 5*v - 47 - 103 = 0. Suppose -4*d = -3*y + 2*y - 45, -3*d = -5*y - 55. Let r = v - d. What is the tens digit of r?
2
Let y(f) = -4*f - 15. Let u be y(-7). Suppose -472 = -u*i + 113. What is the units digit of i?
5
Let g = -27 - -28. Let j(x) = 3*x**2 + x + 1. What is the units digit of j(g)?
5
Suppose -39863 = -26*u + 23265. What is the thousands digit of u?
2
Suppose -5 = -2*y + 5*x + 15, -4*x = -2*y + 16. Suppose y = 6*k - 3*k. Suppose 3*l + 6 = k, 0 = 3*g - 5*l + 7 - 20. What is the units digit of g?
1
Suppose 7*h = h + 144. Let n be (-80)/h*84/(-10). Let l = 25 + n. What is the units digit of l?
3
Let x(b) = b + b - 6*b - 5*b. What is the tens digit of x(-7)?
6
Let y(l) be the third derivative of l**5/15 - l**4/24 - l**2. Suppose z = 4*d - 2*z + 17, -3*d = 2*z. What is the tens digit of y(d)?
1
Let z be (-3 - -7) + (-4 - -3). Suppose 0 = z*n - 9, 5*x - x + 5*n + 53 = 0. Let o = x - -42. What is the tens digit of o?
2
Let s(c) = c**3 + c**2 + 3*c + 1. Let t(p) = -4*p**3 - 3*p**2 - 12*p - 5. Let z(u) = -9*s(u) - 2*t(u). What is the units digit of z(-6)?
7
Suppose -3*v - 2*h = -3280, 3*v = -3*h - 2309 + 5591. What is the hundreds digit of v?
0
Let i be 13/(-52) + 3/(-4). Suppose 8 = b + 5*z, 6*b - 5*z = 3*b + 4. What is the units digit of b + (i - 1)/(-2)?
4
What is the tens digit of ((-81)/(-3))/(6/64)?
8
What is the hundreds digit of (1 + (-6995)/(-15))/(12/18)?
7
Suppose -4*b - 3*v + 629 = -0*b, 4*v = 2*b - 298. Suppose -b = -5*p + 270. What is the tens digit of p?
8
Suppose 0 = -5*h - k - 2*k - 26, k = -3*h - 14. What is the tens digit of 37 + -38 + 2*(-218)/h?
0
Suppose -2070 = 42*u - 45*u. What is the tens digit of u?
9
Let r = -7 - -10. Let j(i) = r*i + 0*i - i - 6. What is the units digit of j(6)?
6
Let s(o) = 108*o + 11. Let u(p) = 108*p + 12. Let g(z) = -6*s(z) + 5*u(z). Let a be g(-5). What is the units digit of a/27 + 8/36?
0
Let h(k) = k**3 - 14*k**2 - 2*k + 13. Let p be h(14). Let s = 20 + p. What is the units digit of s?
5
Suppose 0 = 12*u - 10*u - 1286. What is the tens digit of u?
4
Let r = 7 + -1. Let l be (-5)/6 + 760/48. Suppose r*o - l = o. What is the units digit of o?
3
What is the thousands digit of (1788/(-9))/((-8)/60)?
1
Suppose 0 = -26*t + 43293 + 23007. What is the units digit of t?
0
Suppose 5*a = 3*a + 2*k + 3868, 5*a - 9678 = k. What is the tens digit of a?
3
Let d(l) = -15*l - 30. Let m be d(-7). Suppose -71*a - 668 = -m*a. What is the units digit of a?
7
Let d be (-4)/(-16) + (-1046)/(-8). Suppose 2*o + o - 520 = -4*k, -k = o - d. Let u = k + -85. What is the tens digit of u?
4
Suppose 3*b - 7854 = -3*u + 6*b, -2 = b. What is the tens digit of u?
1
Let w(x) = -x**2 + 29*x - 22. Let k be w(11). Let l = k + 1. What is the hundreds digit of l?
1
Suppose f - 5*a + 20 = 0, -2*a + 0 = -10. Suppose -f*c + 3 = 2*x + 6, 0 = x + 2*c + 1. What is the units digit of x?
1
Let t(v) = -261*v. Let s be t(1). Let q be s/(-6)*(-4)/(-6). Let a = q - 16. What is the units digit of a?
3
Let s be (2 - 1)/(1/(-5)). What is the units digit of (-573)/s - 18/30?
4
Suppose 7*f = -0*f + 3969. What is the tens digit of f?
6
Let p be (2 - 4*10/16)*-12. Let k(a) = a**3 - 2*a**2 - 8*a - 1. What is the tens digit of k(p)?
9
Let s = -84 - -39. What is the units digit of 2 - -2 - (s + 0)?
9
Suppose -3*p - 12 = 0, -2*c - 4*p + 92 - 2 = 0. What is the tens digit of c?
5
Let v be (-1808)/(-8)*1/(-2). Let q = 202 + v. What is the tens digit of q?
8
Let h(s) = 3*s**2 - 12*s - 11. Suppose -5*a + 8*a - 39 = 0. Let n be h(a). Suppose 4*c - l = -c + n, 5*c = 2*l + 335. What is the units digit of c?
9
Let h = -8 + 3. Let q(t) = -t**2 - 8*t + 2*t**2 + 2923 - 2930. What is the tens digit of q(h)?
5
Let a be (63/(-27))/(2/(-1194)). Suppose 0 = -0*i - 7*i + a. What is the tens digit of i?
9
Let j(t) = 19*t**3 + 4*t**2 + 7*t - 12. What is the units digit of j(2)?
0
Let h(l) = 39*l**2 - 35*l + 264. What is the thousands digit of h(7)?
1
Let g = 20 - 18. What is the tens digit of (-6 + (-76)/(-12))/(g/234)?
3
Let v = -52 - -95. Let u = -114 + v. Let a = -16 - u. What is the units digit of a?
5
Suppose 182 = 4*v + 38. Suppose 2*m - 24 - v = 0. What is the tens digit of m?
3
Let y(r) = r**3 + 4*r**2 + 3*r + 11. Let k be y(-4). What is the tens digit of (k/2)/(15/(-1410))?
4
Let b(i) = 17*i + 62 - 7*i - 6*i. What is the units digit of b(-12)?
4
Suppose 7*o = o + 264. Suppose -176 = 7*i - 3*i + 5*w, -i + 4*w = o. Let v = i + 73. What is the tens digit of v?
2
Let a be (-35 - -3)/(-1) + -3. Suppose 5*u + 110 = 2*k, -a = -k - 0*k - 4*u. What is the units digit of k?
5
Suppose -4*s = 5*t + 344, -66 = t + 5*s - 7*s. Let r = t + 149. What is the tens digit of r?
8
Suppose -9*d + 4*d = 0. Suppose d = -4*p + 3*u + 107 + 219, -5*p - 2*u + 396 = 0. Let h = p - 50. What is the tens digit of h?
3
Let f(o) = o**3 + 21*o**2 - o + 25. What is the thousands digit of f(-9)?
1
Let q = 15 - 14. Suppose 2*v = -k - q, -2*k + 6*k + 5*v - 5 = 0. What is the units digit of (74/(-8))/(k/(-20))?
7
Suppose -6*q - 6853 + 7387 = 0. What is the units digit of q?
9
Let x be (-2)/(-16) + 78/16. Let z = 7 - x. What is the tens digit of (184/40)/(z/10)?
2
Let x(j) = -20*j + 15. Let c be (4/4)/(6/4)*-12. What is the units digit of x(c)?
5
Let u = -32 + 12. Let f = u + 33. What is the units digit of f?
3
Suppose 0*i - 44 = -4*i. Let q = 21 - i. Let c = q - -17. What is the units digit of c?
7
Let h = 4053 - -404. What is the units digit of h?
7
Suppose j = 4*z + 1254 + 1955, 0 = -4*z. What is the units digit of j?
9
Let z be 0 + (5 - (1 + 1)). Let w(h) = 14*h**2 + 5*h - 3. What is the hundreds digit of w(z)?
1
Suppose 0 = -30*r + 32*r - 342. What is the hundreds digit of r?
1
Suppose 22*l - 19*l + 3770 = 5*a, -5*a = 3*l - 3770. What is the tens digit of a?
5
Suppose -9*p + 7*p + 254 = -4*t, -544 = -4*p - 4*t. What is the tens digit of p?
3
Let r(j) = j**3 - 15*j**2 - 30. Let a be r(17). Suppose 3*m + m - 4*o = a, o + 4 = 0. What is the tens digit of m?
3
Let f be 2*182/20 + 10/(-50). Suppose -f*u = -5351 - 841. What is the tens digit of u?
4
Let h = 269 - 151. What is the tens digit of h?
1
Suppose 3*z - 25 = -2*z. Suppose 176 = z*o - o. What is the tens digit of 10*(-2 - o/(-8))?
3
What is the tens digit of (-4)/(-24) - 7795/(-30)?
6
Let b(d) = 40*d - 164. What is the thousands digit of b(32)?
1
Suppose -5*f + 8 = -2. Suppose 5*g + 2*c - 303 = 0, -f*g + 2*c = g - 169. What is the tens digit of g?
5
What is the units digit of 22/(-99) - ((-9184)/18 + 3)?
7
Let j(n) = 6*n**2 - 45*n + 23. What is the units digit of j(18)?
7
Let d be 2/(-4) - 329/(-14). Suppose 36 + d = p + 3*a, 4*p - 2*a = 236. Suppose -l + 81 = 4*m, -m - p = -4*m + l. What is the tens digit of m?
2
Let q be 24 - (-1 + 10/2). Suppose 4*b = -2*t + 494, -t - q = 3*t. Let u = b + -87. What is the units digit of u?
9
Let u = 17 - 27. What is the tens digit of u/4 + 695/10?
6
Let v(j) = 3*j**2 - 24*j - 110. What is the tens digit of v(18)?
3
Let w(v) = -v**3 + 6*v**2 - v + 11. Let a be w(6). Suppose -5*z + l = 189, -2*z - 165 = 3*z + a*l. Let d = z - -63. What is the tens digit of d?
2
Let u = -5 - -7. Suppose u*d = -5*l + 350, l + 2*d + 43 = 113. What is the tens digit of l?
7
Let j = -73 - -79. Let w(h) = 2*h**2 + 6*h + 9. What is the units digit of w(j)?
7
Let y = 234 - 8. What is the hundreds digit of y?
2
Suppose 4*z + 123 = 23. Let w = -4 - z. What is the tens digit of w?
2
Let x be 3/(-2) + 26/4. Suppose -x*b + b = -12. Suppose 0 = -a - 3*f + 37, 2*f + b*f - 45 = -a. What is the tens digit of a?
2
Suppose a - 2*o - 91 = 561, -a + 661 = -5*o. What is the tens digit of a?
4
Let g(h) = h**3 - 9*h**2 - 12*h + 2. Let k be g(10). Let a = k + 18. Suppose 0 = 4*z - a*z - 100. What is the tens digit of z?
2
Let b = -95 - -159. Suppose 3*o + 25 = b. What is the units digit of o?
3
Let d(u) = 47*u - 1. Let c be d(1). Suppose -c = 5*t - 6*t. Let r = -33 + t. What is the tens digit of r?
1
Let c(d) be the second derivative of -5*d**3/6 - 5*d**2/2 + 5*d. 